{"id":493,"date":"2015-11-25T08:41:26","date_gmt":"2015-11-25T07:41:26","guid":{"rendered":"http:\/\/www.gs-rohrsen.de\/wp\/?page_id=493"},"modified":"2024-02-29T16:00:53","modified_gmt":"2024-02-29T15:00:53","slug":"bei-uns-ist-immer-was-los-3","status":"publish","type":"page","link":"https:\/\/www.gs-rohrsen.de\/wp\/?page_id=493","title":{"rendered":"Bei uns ist immer was los!"},"content":{"rendered":"<p>An ihrem Einschulungstag begr\u00fc\u00dft unsere Rektorin Frau Albrecht die neuen Erstkl\u00e4ssler gemeinsam mit unserem Schulchor mit ein paar Mitmach-Liedern <b>auf unserem Schulhof <\/b>und wir gestalten alle zusammen eine kleine Feier unter unserer Linde &#8211; oder bei schlechtem Wetter in unserer Turnhalle. <img loading=\"lazy\" decoding=\"async\" class=\"\" src=\"https:\/\/www.gs-rohrsen.de\/wp\/wp-content\/uploads\/2021\/05\/K1600_P1060216-1024x768.jpg\" alt=\"Dieses Bild hat ein leeres Alt-Attribut. Der Dateiname ist K1600_P1060216-1024x768.jpg\" width=\"387\" height=\"290\" \/><\/p>\n<p>W\u00e4hrend die Kinder dann in der 1. Klasse ihre erste Unterrichtsstunde erleben, verw\u00f6hnt der F\u00f6rderverein die wartenden Familien mit leckerem Kuchen, Snacks und Getr\u00e4nken in der Caf\u00e9teria.<\/p>\n<p>Zu Beginn jede<a href=\"http:\/\/www.gs-rohrsen.de\/wp\/wp-content\/uploads\/2015\/09\/P1080294.jpg\"><img loading=\"lazy\" decoding=\"async\" class=\"wp-image-474 alignleft\" src=\"http:\/\/www.gs-rohrsen.de\/wp\/wp-content\/uploads\/2015\/09\/P1080294-300x225.jpg\" alt=\"P1080294\" width=\"206\" height=\"154\" srcset=\"https:\/\/www.gs-rohrsen.de\/wp\/wp-content\/uploads\/2015\/09\/P1080294-300x225.jpg 300w, https:\/\/www.gs-rohrsen.de\/wp\/wp-content\/uploads\/2015\/09\/P1080294-1024x768.jpg 1024w\" sizes=\"auto, (max-width: 206px) 100vw, 206px\" \/><\/a>s Schultages treffen sich immer <u>alle<\/u> Kinder und Lehrer in der Pausenhalle zum <b>Morgenkreis<\/b>, singen gemeinsam ein Morgenlied, feiern Geburtstage, sagen Gedichte auf oder zeigen gemalte Bilder. Frau Albrecht sagt wichtige Dinge des Tages an, stellt G\u00e4ste vor und gibt Beschwerden oder Lob der Kinder gleich an alle weiter. In der Adventszeit wird an jedem Morgen eine Kerze am Adventskranz angez\u00fcndet, ein Adventslied gesungen oder einige Kinder musizieren auf ihrem Instrument.<\/p>\n<p>Wir f\u00fchren (mindestens) einmal im Schuljahr eine <b>Projektwoche<\/b> durch, in der wir ein bestimmtes Thema entweder klassenweise oder auch jahrgangs\u00fcbergreifend auf verschiedene Weisen bearbeiten. Zum Abschluss gibt es dann oft ein <b>Fest<\/b>, zu dem wir die Eltern und Verwandten gerne einladen!<\/p>\n<p>Alle Kinder lieben den <b>Rosenmontag,<\/b> an de<a href=\"http:\/\/www.gs-rohrsen.de\/wp\/wp-content\/uploads\/2015\/09\/P1070743.jpg\"><img loading=\"lazy\" decoding=\"async\" class=\"wp-image-477 alignright\" src=\"http:\/\/www.gs-rohrsen.de\/wp\/wp-content\/uploads\/2015\/09\/P1070743-300x225.jpg\" alt=\"P1070743\" width=\"207\" height=\"155\" srcset=\"https:\/\/www.gs-rohrsen.de\/wp\/wp-content\/uploads\/2015\/09\/P1070743-300x225.jpg 300w, https:\/\/www.gs-rohrsen.de\/wp\/wp-content\/uploads\/2015\/09\/P1070743-1024x768.jpg 1024w\" sizes=\"auto, (max-width: 207px) 100vw, 207px\" \/><\/a>m wir uns alle verkleiden, t\u00fcchtig feiern und mal ganz etwas anderes in der Schule machen! Die Kinder der 4. Klasse bereiten dazu eine \u201eMini-Playback-Show\u201c vor und werden hoffentlich im n\u00e4chsten Jahr in der Turnhalle wieder f\u00fcr fetzige Disco-Stimmung sorgen.<\/p>\n<p>Im 2. Halbjahr laden wir \u00f6ffentlich ganz herzlich zum <b>Schulkonzert <\/b>ein. Der Schulchor \u00fcbt daf\u00fcr neue Kinderlieder, die Fl\u00f6tengruppen und die Kinder einiger AGs zeigen, was sie gelernt haben, einzelne K\u00fcnstler spielen auf ihrem Instrument und es gibt noch einmal eine Ausgabe der beliebten \u201eMini-Playback-Show\u201c der Viertkl\u00e4ssler f\u00fcr die Eltern.<\/p>\n<p>Gemeinsame <b>Schulgottesdienste<\/b> sind zu einem festen Bestandteil unseres Schullebens geworden. Die Religionslehrerinnen planen die Gottesdienste zu Festen des Kirchenjahres und zum Schuljahresabschluss. Wir nutzen dazu die Ev. Kirche in Hilligsfeld oder die Kapelle in Rohrsen.<a href=\"http:\/\/www.gs-rohrsen.de\/wp\/wp-content\/uploads\/2015\/09\/P1090877.jpg\"><img loading=\"lazy\" decoding=\"async\" class=\"aligncenter wp-image-479\" src=\"http:\/\/www.gs-rohrsen.de\/wp\/wp-content\/uploads\/2015\/09\/P1090877-300x225.jpg\" alt=\"P1090877\" width=\"207\" height=\"155\" srcset=\"https:\/\/www.gs-rohrsen.de\/wp\/wp-content\/uploads\/2015\/09\/P1090877-300x225.jpg 300w, https:\/\/www.gs-rohrsen.de\/wp\/wp-content\/uploads\/2015\/09\/P1090877-1024x768.jpg 1024w\" sizes=\"auto, (max-width: 207px) 100vw, 207px\" \/><\/a>Eine Stunde der Stundentafel wird von der Klassenlehrerin zur Durchf\u00fchrung des Gewaltpr\u00e4ventionsprogramms <b>\u201eFAUSTLOS\u201c<\/b> benutzt. Die Gesamtkonferenz hat beschlossen, dieses Programm in allen Klassen mit <u>allen<\/u> Kindern kontinuierlich durchzuf\u00fchren, da es jahrgangsweise aufeinander aufbaut und in unterschiedlichen Stufen einen sehr guten Beitrag zur Gewaltpr\u00e4vention leistet.<\/p>\n<p>Seit dem Schuljahr 2011\/12 beteiligen wir uns jeweils aufsteigend mit den 1. Klassen am Projekt <span style=\"color: #0000ff;\"><b>\u201eKlasse 2000\u201c<\/b><\/span> zur Gesundheitsf\u00f6rderung, Gewalt- und Suchtpr\u00e4vention. Wir sind froh, dass wir daf\u00fcr immer wieder Sponsoren finden, die unsere Teilnahme finanzieren.<br \/>\nEin besonders dickes <strong><span style=\"color: #ff0000;\">DANKESCH\u00d6N<\/span><\/strong> gilt dem <span style=\"color: #ff0000;\">Lions Club Hameln<\/span>, der seit vielen Jahren die Teilpatenschaften von je 110\u20ac f\u00fcr alle Klassen finanziert!<br \/>\nDa alle Klassen unserer Schule an diesem tollen Projekt teilnehmen, haben wir in diesem Jahr wieder das Zertifikat &#8222;Klasse 2000-Schule&#8220; erhalten!<\/p>\n<p>Eine Stunde des Deutschunterrichts ist ab Klasse 2 f\u00fcr <b>\u201eAntolin\u201c<\/b> reserviert. Zur besonderen Lesef\u00f6rderung lesen die Kinder w\u00e4hrend dieser Stunde in einem frei gew\u00e4hlten Buch und beantworten anschlie\u00dfend Fragen zum Buch unter \u00a0<a href=\"http:\/\/www.antolin.de\/\">www.antolin.de<\/a>.<br \/>\nEbenso haben wir die <strong>ANTON-App<\/strong> in allen Klassen eingef\u00fchrt, die besonders in der Corona-Zeit des Distanzlernens sehr gut genutzt wird.<\/p>\n<p>Die <b>Anmeldung der zuk\u00fcnftigen Schulanf\u00e4nger<\/b> erfolgt im April\/Mai des <span style=\"text-decoration: underline;\">Vorjahres<\/span> ihrer Einschulung. Dazu werden die Eltern aller Kinder von uns angeschrieben, deren Kinder bis zum <b>30.9.<\/b> des kommenden Jahres sechs Jahre alt werden.<br \/>\nDie Kinder, die zwischen dem 01.07. und 30.9. geboren sind, sind die sogenannten <strong>&#8222;Flexi-Kinder&#8220;<\/strong>, das hei\u00dft, ihre Eltern k\u00f6nnen den flexiblen Zeitraum nutzen und ihr Kind evtl. noch ein Jahr in der KiTa belassen. Dazu m\u00fcssen Sie <strong>bis zum 1. Mai<\/strong> in der Schule einen formlosen <strong>Antrag<\/strong> stellen.<br \/>\nLiegt in der Schule bis zum Stichtag kein Antrag vor, wird das Kind auf die Liste der k\u00fcnftigen Schulanf\u00e4nger gesetzt und im M\u00e4rz\/ April vor ihrer Einschulung zu einem <strong>&#8222;Schulbesuchstag&#8220;<\/strong> eingeladen. An diesem Vormittag k\u00f6nnen die Kinder sich in der Schule umsehen und m\u00fcssen in einer Kleingruppe ein paar Aufgaben und Spiele bew\u00e4ltigen, bevor die Schulleitung \u00fcber ihre Schulf\u00e4higkeit entscheidet.<br \/>\nGem\u00e4\u00df \u00a764 des Nieders\u00e4chsischen Schulgesetzes (NSchG) k\u00f6nnen \u201eschulpflichtige Kinder, die k\u00f6rperlich, geistig oder in ihrem sozialen Verhalten nicht gen\u00fcgend entwickelt sind, um mit Aussicht auf Erfolg am Unterricht der Grundschule teilzunehmen, vom Schulbesuch um ein Jahr zur\u00fcckgestellt werden. Sie k\u00f6nnen verpflichtet werden, zur F\u00f6rderung ihrer Entwicklung einen Schulkindergarten \/ Kindergarten zu besuchen.\u201c<\/p>\n<p>Vor den Sommerferien finden au\u00dfer den Kla<a href=\"http:\/\/www.gs-rohrsen.de\/wp\/wp-content\/uploads\/2015\/09\/P1090499.jpg\"><img loading=\"lazy\" decoding=\"async\" class=\"wp-image-482 alignright\" src=\"http:\/\/www.gs-rohrsen.de\/wp\/wp-content\/uploads\/2015\/09\/P1090499-300x217.jpg\" alt=\"P1090499\" width=\"206\" height=\"149\" srcset=\"https:\/\/www.gs-rohrsen.de\/wp\/wp-content\/uploads\/2015\/09\/P1090499-300x217.jpg 300w, https:\/\/www.gs-rohrsen.de\/wp\/wp-content\/uploads\/2015\/09\/P1090499-1024x740.jpg 1024w\" sizes=\"auto, (max-width: 206px) 100vw, 206px\" \/><\/a>ssen-Abschlussfesten die allj\u00e4hrlichen <b>Bundesjugendspiele, das Laufabzeichen, <\/b>unser <b>Verkehrstag<\/b> und die <b>Fahrradpr\u00fcfung f\u00fcr die 4. Klasse<\/b> statt. Das ist f\u00fcr alle Kinder nicht nur anstrengend, sondern vor allem auch ziemlich aufregend!<\/p>\n<p>In der verpflichtenden AG-Stunde der Stundentafel f\u00fcr Kl. 3\/4 gibt es unterschiedliche Angebote, z. B. eine <b>Computer-AG<\/b>, eine<b> Werk-AG, <\/b>eine <strong>Sportspiele-AG, <\/strong>eine<strong> Kreativ-AG<\/strong> oder eine <strong>B\u00fccher-AG<\/strong>.<\/p>\n<p>Frau Albrecht leitet unseren <b>Schulchor <\/b>und die<b> Fl\u00f6tengruppen<\/b> der Anf\u00e4nger und Fortgeschrittenen. Der Schulchor tritt auch \u00f6ffentlich bei verschiedenen Veranstaltungen auf und l\u00e4sst sich z. B. als \u201eGeburtstags-\u00dcberraschung\u201c buchen.<a href=\"http:\/\/www.gs-rohrsen.de\/wp\/wp-content\/uploads\/2017\/01\/K1600_P1180229.jpg\"><img loading=\"lazy\" decoding=\"async\" class=\"aligncenter size-medium wp-image-1523\" src=\"http:\/\/www.gs-rohrsen.de\/wp\/wp-content\/uploads\/2017\/01\/K1600_P1180229-300x225.jpg\" alt=\"\" width=\"300\" height=\"225\" srcset=\"https:\/\/www.gs-rohrsen.de\/wp\/wp-content\/uploads\/2017\/01\/K1600_P1180229-300x225.jpg 300w, https:\/\/www.gs-rohrsen.de\/wp\/wp-content\/uploads\/2017\/01\/K1600_P1180229-768x576.jpg 768w, https:\/\/www.gs-rohrsen.de\/wp\/wp-content\/uploads\/2017\/01\/K1600_P1180229-1024x768.jpg 1024w, https:\/\/www.gs-rohrsen.de\/wp\/wp-content\/uploads\/2017\/01\/K1600_P1180229.jpg 1600w\" sizes=\"auto, (max-width: 300px) 100vw, 300px\" \/><\/a><\/p>\n","protected":false},"excerpt":{"rendered":"<p>An ihrem Einschulungstag begr\u00fc\u00dft unsere Rektorin Frau Albrecht die neuen Erstkl\u00e4ssler gemeinsam mit unserem Schulchor mit ein paar Mitmach-Liedern auf unserem Schulhof und wir gestalten alle zusammen eine kleine Feier unter unserer Linde &#8211; oder bei schlechtem Wetter in unserer Turnhalle. W\u00e4hrend die Kinder dann in der 1. Klasse ihre erste Unterrichtsstunde erleben, verw\u00f6hnt der &hellip; <a href=\"https:\/\/www.gs-rohrsen.de\/wp\/?page_id=493\" class=\"more-link\"><span class=\"screen-reader-text\">Bei uns ist immer was los!<\/span> weiterlesen <span class=\"meta-nav\">&rarr;<\/span><\/a><\/p>\n","protected":false},"author":1,"featured_media":0,"parent":0,"menu_order":0,"comment_status":"closed","ping_status":"closed","template":"","meta":{"footnotes":""},"class_list":["post-493","page","type-page","status-publish","hentry"],"_links":{"self":[{"href":"https:\/\/www.gs-rohrsen.de\/wp\/index.php?rest_route=\/wp\/v2\/pages\/493","targetHints":{"allow":["GET"]}}],"collection":[{"href":"https:\/\/www.gs-rohrsen.de\/wp\/index.php?rest_route=\/wp\/v2\/pages"}],"about":[{"href":"https:\/\/www.gs-rohrsen.de\/wp\/index.php?rest_route=\/wp\/v2\/types\/page"}],"author":[{"embeddable":true,"href":"https:\/\/www.gs-rohrsen.de\/wp\/index.php?rest_route=\/wp\/v2\/users\/1"}],"replies":[{"embeddable":true,"href":"https:\/\/www.gs-rohrsen.de\/wp\/index.php?rest_route=%2Fwp%2Fv2%2Fcomments&post=493"}],"version-history":[{"count":16,"href":"https:\/\/www.gs-rohrsen.de\/wp\/index.php?rest_route=\/wp\/v2\/pages\/493\/revisions"}],"predecessor-version":[{"id":4221,"href":"https:\/\/www.gs-rohrsen.de\/wp\/index.php?rest_route=\/wp\/v2\/pages\/493\/revisions\/4221"}],"wp:attachment":[{"href":"https:\/\/www.gs-rohrsen.de\/wp\/index.php?rest_route=%2Fwp%2Fv2%2Fmedia&parent=493"}],"curies":[{"name":"wp","href":"https:\/\/api.w.org\/{rel}","templated":true}]}}

<p>An ihrem Einschulungstag begrüßt unsere Rektorin Frau Albrecht die neuen Erstklässler gemeinsam mit unserem Schulchor mit ein paar Mitmach-Liedern <b>auf unserem Schulhof </b>und wir gestalten alle zusammen eine kleine Feier unter unserer Linde &#8211; oder bei schlechtem Wetter in unserer Turnhalle. <img loading="lazy" decoding="async" class="" src="https://www.gs-rohrsen.de/wp/wp-content/uploads/2021/05/K1600_P1060216-1024x768.jpg" alt="Dieses Bild hat ein leeres Alt-Attribut. Der Dateiname ist K1600_P1060216-1024x768.jpg" width="387" height="290" /></p>
<p>Während die Kinder dann in der 1. Klasse ihre erste Unterrichtsstunde erleben, verwöhnt der Förderverein die wartenden Familien mit leckerem Kuchen, Snacks und Getränken in der Caféteria.</p>
<p>Zu Beginn jede<a href="http://www.gs-rohrsen.de/wp/wp-content/uploads/2015/09/P1080294.jpg"><img loading="lazy" decoding="async" class="wp-image-474 alignleft" src="http://www.gs-rohrsen.de/wp/wp-content/uploads/2015/09/P1080294-300x225.jpg" alt="P1080294" width="206" height="154" srcset="https://www.gs-rohrsen.de/wp/wp-content/uploads/2015/09/P1080294-300x225.jpg 300w, https://www.gs-rohrsen.de/wp/wp-content/uploads/2015/09/P1080294-1024x768.jpg 1024w" sizes="auto, (max-width: 206px) 100vw, 206px" /></a>s Schultages treffen sich immer <u>alle</u> Kinder und Lehrer in der Pausenhalle zum <b>Morgenkreis</b>, singen gemeinsam ein Morgenlied, feiern Geburtstage, sagen Gedichte auf oder zeigen gemalte Bilder. Frau Albrecht sagt wichtige Dinge des Tages an, stellt Gäste vor und gibt Beschwerden oder Lob der Kinder gleich an alle weiter. In der Adventszeit wird an jedem Morgen eine Kerze am Adventskranz angezündet, ein Adventslied gesungen oder einige Kinder musizieren auf ihrem Instrument.</p>
<p>Wir führen (mindestens) einmal im Schuljahr eine <b>Projektwoche</b> durch, in der wir ein bestimmtes Thema entweder klassenweise oder auch jahrgangsübergreifend auf verschiedene Weisen bearbeiten. Zum Abschluss gibt es dann oft ein <b>Fest</b>, zu dem wir die Eltern und Verwandten gerne einladen!</p>
<p>Alle Kinder lieben den <b>Rosenmontag,</b> an de<a href="http://www.gs-rohrsen.de/wp/wp-content/uploads/2015/09/P1070743.jpg"><img loading="lazy" decoding="async" class="wp-image-477 alignright" src="http://www.gs-rohrsen.de/wp/wp-content/uploads/2015/09/P1070743-300x225.jpg" alt="P1070743" width="207" height="155" srcset="https://www.gs-rohrsen.de/wp/wp-content/uploads/2015/09/P1070743-300x225.jpg 300w, https://www.gs-rohrsen.de/wp/wp-content/uploads/2015/09/P1070743-1024x768.jpg 1024w" sizes="auto, (max-width: 207px) 100vw, 207px" /></a>m wir uns alle verkleiden, tüchtig feiern und mal ganz etwas anderes in der Schule machen! Die Kinder der 4. Klasse bereiten dazu eine „Mini-Playback-Show“ vor und werden hoffentlich im nächsten Jahr in der Turnhalle wieder für fetzige Disco-Stimmung sorgen.</p>
<p>Im 2. Halbjahr laden wir öffentlich ganz herzlich zum <b>Schulkonzert </b>ein. Der Schulchor übt dafür neue Kinderlieder, die Flötengruppen und die Kinder einiger AGs zeigen, was sie gelernt haben, einzelne Künstler spielen auf ihrem Instrument und es gibt noch einmal eine Ausgabe der beliebten „Mini-Playback-Show“ der Viertklässler für die Eltern.</p>
<p>Gemeinsame <b>Schulgottesdienste</b> sind zu einem festen Bestandteil unseres Schullebens geworden. Die Religionslehrerinnen planen die Gottesdienste zu Festen des Kirchenjahres und zum Schuljahresabschluss. Wir nutzen dazu die Ev. Kirche in Hilligsfeld oder die Kapelle in Rohrsen.<a href="http://www.gs-rohrsen.de/wp/wp-content/uploads/2015/09/P1090877.jpg"><img loading="lazy" decoding="async" class="aligncenter wp-image-479" src="http://www.gs-rohrsen.de/wp/wp-content/uploads/2015/09/P1090877-300x225.jpg" alt="P1090877" width="207" height="155" srcset="https://www.gs-rohrsen.de/wp/wp-content/uploads/2015/09/P1090877-300x225.jpg 300w, https://www.gs-rohrsen.de/wp/wp-content/uploads/2015/09/P1090877-1024x768.jpg 1024w" sizes="auto, (max-width: 207px) 100vw, 207px" /></a>Eine Stunde der Stundentafel wird von der Klassenlehrerin zur Durchführung des Gewaltpräventionsprogramms <b>„FAUSTLOS“</b> benutzt. Die Gesamtkonferenz hat beschlossen, dieses Programm in allen Klassen mit <u>allen</u> Kindern kontinuierlich durchzuführen, da es jahrgangsweise aufeinander aufbaut und in unterschiedlichen Stufen einen sehr guten Beitrag zur Gewaltprävention leistet.</p>
<p>Seit dem Schuljahr 2011/12 beteiligen wir uns jeweils aufsteigend mit den 1. Klassen am Projekt <span style="color: #0000ff;"><b>„Klasse 2000“</b></span> zur Gesundheitsförderung, Gewalt- und Suchtprävention. Wir sind froh, dass wir dafür immer wieder Sponsoren finden, die unsere Teilnahme finanzieren.<br />
Ein besonders dickes <strong><span style="color: #ff0000;">DANKESCHÖN</span></strong> gilt dem <span style="color: #ff0000;">Lions Club Hameln</span>, der seit vielen Jahren die Teilpatenschaften von je 110€ für alle Klassen finanziert!<br />
Da alle Klassen unserer Schule an diesem tollen Projekt teilnehmen, haben wir in diesem Jahr wieder das Zertifikat &#8222;Klasse 2000-Schule&#8220; erhalten!</p>
<p>Eine Stunde des Deutschunterrichts ist ab Klasse 2 für <b>„Antolin“</b> reserviert. Zur besonderen Leseförderung lesen die Kinder während dieser Stunde in einem frei gewählten Buch und beantworten anschließend Fragen zum Buch unter  <a href="http://www.antolin.de/">www.antolin.de</a>.<br />
Ebenso haben wir die <strong>ANTON-App</strong> in allen Klassen eingeführt, die besonders in der Corona-Zeit des Distanzlernens sehr gut genutzt wird.</p>
<p>Die <b>Anmeldung der zukünftigen Schulanfänger</b> erfolgt im April/Mai des <span style="text-decoration: underline;">Vorjahres</span> ihrer Einschulung. Dazu werden die Eltern aller Kinder von uns angeschrieben, deren Kinder bis zum <b>30.9.</b> des kommenden Jahres sechs Jahre alt werden.<br />
Die Kinder, die zwischen dem 01.07. und 30.9. geboren sind, sind die sogenannten <strong>&#8222;Flexi-Kinder&#8220;</strong>, das heißt, ihre Eltern können den flexiblen Zeitraum nutzen und ihr Kind evtl. noch ein Jahr in der KiTa belassen. Dazu müssen Sie <strong>bis zum 1. Mai</strong> in der Schule einen formlosen <strong>Antrag</strong> stellen.<br />
Liegt in der Schule bis zum Stichtag kein Antrag vor, wird das Kind auf die Liste der künftigen Schulanfänger gesetzt und im März/ April vor ihrer Einschulung zu einem <strong>&#8222;Schulbesuchstag&#8220;</strong> eingeladen. An diesem Vormittag können die Kinder sich in der Schule umsehen und müssen in einer Kleingruppe ein paar Aufgaben und Spiele bewältigen, bevor die Schulleitung über ihre Schulfähigkeit entscheidet.<br />
Gemäß §64 des Niedersächsischen Schulgesetzes (NSchG) können „schulpflichtige Kinder, die körperlich, geistig oder in ihrem sozialen Verhalten nicht genügend entwickelt sind, um mit Aussicht auf Erfolg am Unterricht der Grundschule teilzunehmen, vom Schulbesuch um ein Jahr zurückgestellt werden. Sie können verpflichtet werden, zur Förderung ihrer Entwicklung einen Schulkindergarten / Kindergarten zu besuchen.“</p>
<p>Vor den Sommerferien finden außer den Kla<a href="http://www.gs-rohrsen.de/wp/wp-content/uploads/2015/09/P1090499.jpg"><img loading="lazy" decoding="async" class="wp-image-482 alignright" src="http://www.gs-rohrsen.de/wp/wp-content/uploads/2015/09/P1090499-300x217.jpg" alt="P1090499" width="206" height="149" srcset="https://www.gs-rohrsen.de/wp/wp-content/uploads/2015/09/P1090499-300x217.jpg 300w, https://www.gs-rohrsen.de/wp/wp-content/uploads/2015/09/P1090499-1024x740.jpg 1024w" sizes="auto, (max-width: 206px) 100vw, 206px" /></a>ssen-Abschlussfesten die alljährlichen <b>Bundesjugendspiele, das Laufabzeichen, </b>unser <b>Verkehrstag</b> und die <b>Fahrradprüfung für die 4. Klasse</b> statt. Das ist für alle Kinder nicht nur anstrengend, sondern vor allem auch ziemlich aufregend!</p>
<p>In der verpflichtenden AG-Stunde der Stundentafel für Kl. 3/4 gibt es unterschiedliche Angebote, z. B. eine <b>Computer-AG</b>, eine<b> Werk-AG, </b>eine <strong>Sportspiele-AG, </strong>eine<strong> Kreativ-AG</strong> oder eine <strong>Bücher-AG</strong>.</p>
<p>Frau Albrecht leitet unseren <b>Schulchor </b>und die<b> Flötengruppen</b> der Anfänger und Fortgeschrittenen. Der Schulchor tritt auch öffentlich bei verschiedenen Veranstaltungen auf und lässt sich z. B. als „Geburtstags-Überraschung“ buchen.<a href="http://www.gs-rohrsen.de/wp/wp-content/uploads/2017/01/K1600_P1180229.jpg"><img loading="lazy" decoding="async" class="aligncenter size-medium wp-image-1523" src="http://www.gs-rohrsen.de/wp/wp-content/uploads/2017/01/K1600_P1180229-300x225.jpg" alt="" width="300" height="225" srcset="https://www.gs-rohrsen.de/wp/wp-content/uploads/2017/01/K1600_P1180229-300x225.jpg 300w, https://www.gs-rohrsen.de/wp/wp-content/uploads/2017/01/K1600_P1180229-768x576.jpg 768w, https://www.gs-rohrsen.de/wp/wp-content/uploads/2017/01/K1600_P1180229-1024x768.jpg 1024w, https://www.gs-rohrsen.de/wp/wp-content/uploads/2017/01/K1600_P1180229.jpg 1600w" sizes="auto, (max-width: 300px) 100vw, 300px" /></a></p>

<p>An ihrem Einschulungstag begrüßt unsere Rektorin Frau Albrecht die neuen Erstklässler gemeinsam mit unserem Schulchor mit ein paar Mitmach-Liedern auf unserem Schulhof und wir gestalten alle zusammen eine kleine Feier unter unserer Linde &#8211; oder bei schlechtem Wetter in unserer Turnhalle. Während die Kinder dann in der 1. Klasse ihre erste Unterrichtsstunde erleben, verwöhnt der &hellip; <a href="https://www.gs-rohrsen.de/wp/?page_id=493" class="more-link"><span class="screen-reader-text">Bei uns ist immer was los!</span> weiterlesen <span class="meta-nav">&rarr;</span></a></p>
